{"id":8269,"date":"2024-08-13T14:03:22","date_gmt":"2024-08-13T12:03:22","guid":{"rendered":"https:\/\/www.domaine-ndr.ch\/?page_id=8269"},"modified":"2024-08-13T14:03:22","modified_gmt":"2024-08-13T12:03:22","slug":"integrationsvorlehre","status":"publish","type":"page","link":"https:\/\/www.domaine-ndr.ch\/de\/aussbildung-integration\/integrationsvorlehre\/","title":{"rendered":"Integrationsvorlehre"},"content":{"rendered":"<p>Die Integrationsvorlehre (INVOL) ist ein vom Bund und vom Staat Freiburg mitfinanziertes Pilotprojekt. Die Dauer der INVOL betr\u00e4gt ein Schuljahr.<\/p>\n<p>Die INVOL zielt auf die berufliche Integration ausl\u00e4ndischer Personen, die erst sp\u00e4t in die Schweiz eingereist sind, indem es sie auf den Einstieg in die Berufsbildung vorbereitet.<\/p>\n<p>Wir freuen uns, dass wir Teil dieses Projekts sind und Personen aufnehmen k\u00f6nnen, die eine Vorlehre in den Bereichen Rezeption, Service und Hauswirtschaft absolvieren.<\/p>\n","protected":false},"excerpt":{"rendered":"<p>Die Integrationsvorlehre (INVOL) ist ein vom Bund und vom Staat Freiburg mitfinanziertes Pilotprojekt. Die Dauer der INVOL betr\u00e4gt ein Schuljahr. Die INVOL zielt auf die berufliche Integration ausl\u00e4ndischer Personen, die erst sp\u00e4t in die Schweiz eingereist sind, indem es sie auf den Einstieg in die Berufsbildung vorbereitet. Wir freuen uns, dass wir Teil dieses Projekts [&hellip;]<\/p>\n","protected":false},"author":6,"featured_media":0,"parent":3942,"menu_order":0,"comment_status":"closed","ping_status":"closed","template":"","meta":{"_acf_changed":false,"_exactmetrics_skip_tracking":false,"_exactmetrics_sitenote_active":false,"_exactmetrics_sitenote_note":"","_exactmetrics_sitenote_category":0,"footnotes":""},"class_list":["post-8269","page","type-page","status-publish","hentry"],"acf":[],"yoast_head":"<!-- This site is optimized with the Yoast SEO plugin v27.5 - https:\/\/yoast.com\/product\/yoast-seo-wordpress\/ -->\n<title>Integrationsvorlehre - Notre dame de la route<\/title>\n<meta name=\"robots\" content=\"index, follow, max-snippet:-1, max-image-preview:large, max-video-preview:-1\" \/>\n<meta property=\"og:locale\" content=\"de_DE\" \/>\n<meta property=\"og:type\" content=\"article\" \/>\n<meta property=\"og:title\" content=\"Integrationsvorlehre - Notre dame de la route\" \/>\n<meta property=\"og:description\" content=\"Die Integrationsvorlehre (INVOL) ist ein vom Bund und vom Staat Freiburg mitfinanziertes Pilotprojekt. Die Dauer der INVOL betr\u00e4gt ein Schuljahr. Die INVOL zielt auf die berufliche Integration ausl\u00e4ndischer Personen, die erst sp\u00e4t in die Schweiz eingereist sind, indem es sie auf den Einstieg in die Berufsbildung vorbereitet. Wir freuen uns, dass wir Teil dieses Projekts [&hellip;]\" \/>\n<meta property=\"og:url\" content=\"https:\/\/www.domaine-ndr.ch\/de\/aussbildung-integration\/integrationsvorlehre\/\" \/>\n<meta property=\"og:site_name\" content=\"Notre dame de la route\" \/>\n<meta property=\"article:publisher\" content=\"https:\/\/www.facebook.com\/DomaineNDR\/\" \/>\n<meta property=\"og:image\" content=\"https:\/\/www.domaine-ndr.ch\/wp-content\/uploads\/DSC4008-1-770x545.jpg\" \/>\n\t<meta property=\"og:image:width\" content=\"770\" \/>\n\t<meta property=\"og:image:height\" content=\"545\" \/>\n\t<meta property=\"og:image:type\" content=\"image\/jpeg\" \/>\n<meta name=\"twitter:card\" content=\"summary_large_image\" \/>\n<meta name=\"twitter:label1\" content=\"Gesch\u00e4tzte Lesezeit\" \/>\n\t<meta name=\"twitter:data1\" content=\"1\u00a0Minute\" \/>\n<!-- \/ Yoast SEO plugin. -->","yoast_head_json":{"title":"Integrationsvorlehre - Notre dame de la route","robots":{"index":"index","follow":"follow","max-snippet":"max-snippet:-1","max-image-preview":"max-image-preview:large","max-video-preview":"max-video-preview:-1"},"og_locale":"de_DE","og_type":"article","og_title":"Integrationsvorlehre - Notre dame de la route","og_description":"Die Integrationsvorlehre (INVOL) ist ein vom Bund und vom Staat Freiburg mitfinanziertes Pilotprojekt. Die Dauer der INVOL betr\u00e4gt ein Schuljahr. Die INVOL zielt auf die berufliche Integration ausl\u00e4ndischer Personen, die erst sp\u00e4t in die Schweiz eingereist sind, indem es sie auf den Einstieg in die Berufsbildung vorbereitet. Wir freuen uns, dass wir Teil dieses Projekts [&hellip;]","og_url":"https:\/\/www.domaine-ndr.ch\/de\/aussbildung-integration\/integrationsvorlehre\/","og_site_name":"Notre dame de la route","article_publisher":"https:\/\/www.facebook.com\/DomaineNDR\/","og_image":[{"width":770,"height":545,"url":"https:\/\/www.domaine-ndr.ch\/wp-content\/uploads\/DSC4008-1-770x545.jpg","type":"image\/jpeg"}],"twitter_card":"summary_large_image","twitter_misc":{"Gesch\u00e4tzte Lesezeit":"1\u00a0Minute"},"schema":{"@context":"https:\/\/schema.org","@graph":[{"@type":"WebPage","@id":"https:\/\/www.domaine-ndr.ch\/de\/aussbildung-integration\/integrationsvorlehre\/","url":"https:\/\/www.domaine-ndr.ch\/de\/aussbildung-integration\/integrationsvorlehre\/","name":"Integrationsvorlehre - Notre dame de la route","isPartOf":{"@id":"https:\/\/www.domaine-ndr.ch\/de\/#website"},"datePublished":"2024-08-13T12:03:22+00:00","breadcrumb":{"@id":"https:\/\/www.domaine-ndr.ch\/de\/aussbildung-integration\/integrationsvorlehre\/#breadcrumb"},"inLanguage":"de","potentialAction":[{"@type":"ReadAction","target":["https:\/\/www.domaine-ndr.ch\/de\/aussbildung-integration\/integrationsvorlehre\/"]}]},{"@type":"BreadcrumbList","@id":"https:\/\/www.domaine-ndr.ch\/de\/aussbildung-integration\/integrationsvorlehre\/#breadcrumb","itemListElement":[{"@type":"ListItem","position":1,"name":"Home","item":"https:\/\/www.domaine-ndr.ch\/de\/"},{"@type":"ListItem","position":2,"name":"Ausbildung &#038; Integration","item":"https:\/\/www.domaine-ndr.ch\/de\/aussbildung-integration\/"},{"@type":"ListItem","position":3,"name":"Integrationsvorlehre"}]},{"@type":"WebSite","@id":"https:\/\/www.domaine-ndr.ch\/de\/#website","url":"https:\/\/www.domaine-ndr.ch\/de\/","name":"Notre dame de la route","description":"","potentialAction":[{"@type":"SearchAction","target":{"@type":"EntryPoint","urlTemplate":"https:\/\/www.domaine-ndr.ch\/de\/?s={search_term_string}"},"query-input":{"@type":"PropertyValueSpecification","valueRequired":true,"valueName":"search_term_string"}}],"inLanguage":"de"}]}},"_links":{"self":[{"href":"https:\/\/www.domaine-ndr.ch\/de\/wp-json\/wp\/v2\/pages\/8269","targetHints":{"allow":["GET"]}}],"collection":[{"href":"https:\/\/www.domaine-ndr.ch\/de\/wp-json\/wp\/v2\/pages"}],"about":[{"href":"https:\/\/www.domaine-ndr.ch\/de\/wp-json\/wp\/v2\/types\/page"}],"author":[{"embeddable":true,"href":"https:\/\/www.domaine-ndr.ch\/de\/wp-json\/wp\/v2\/users\/6"}],"replies":[{"embeddable":true,"href":"https:\/\/www.domaine-ndr.ch\/de\/wp-json\/wp\/v2\/comments?post=8269"}],"version-history":[{"count":1,"href":"https:\/\/www.domaine-ndr.ch\/de\/wp-json\/wp\/v2\/pages\/8269\/revisions"}],"predecessor-version":[{"id":8270,"href":"https:\/\/www.domaine-ndr.ch\/de\/wp-json\/wp\/v2\/pages\/8269\/revisions\/8270"}],"up":[{"embeddable":true,"href":"https:\/\/www.domaine-ndr.ch\/de\/wp-json\/wp\/v2\/pages\/3942"}],"wp:attachment":[{"href":"https:\/\/www.domaine-ndr.ch\/de\/wp-json\/wp\/v2\/media?parent=8269"}],"curies":[{"name":"wp","href":"https:\/\/api.w.org\/{rel}","templated":true}]}}

<p>Die Integrationsvorlehre (INVOL) ist ein vom Bund und vom Staat Freiburg mitfinanziertes Pilotprojekt. Die Dauer der INVOL beträgt ein Schuljahr.</p>
<p>Die INVOL zielt auf die berufliche Integration ausländischer Personen, die erst spät in die Schweiz eingereist sind, indem es sie auf den Einstieg in die Berufsbildung vorbereitet.</p>
<p>Wir freuen uns, dass wir Teil dieses Projekts sind und Personen aufnehmen können, die eine Vorlehre in den Bereichen Rezeption, Service und Hauswirtschaft absolvieren.</p>

<p>Die Integrationsvorlehre (INVOL) ist ein vom Bund und vom Staat Freiburg mitfinanziertes Pilotprojekt. Die Dauer der INVOL beträgt ein Schuljahr. Die INVOL zielt auf die berufliche Integration ausländischer Personen, die erst spät in die Schweiz eingereist sind, indem es sie auf den Einstieg in die Berufsbildung vorbereitet. Wir freuen uns, dass wir Teil dieses Projekts [&hellip;]</p>

<!-- This site is optimized with the Yoast SEO plugin v27.5 - https://yoast.com/product/yoast-seo-wordpress/ -->
<title>Integrationsvorlehre - Notre dame de la route</title>
<meta name="robots" content="index, follow, max-snippet:-1, max-image-preview:large, max-video-preview:-1" />
<meta property="og:locale" content="de_DE" />
<meta property="og:type" content="article" />
<meta property="og:title" content="Integrationsvorlehre - Notre dame de la route" />
<meta property="og:description" content="Die Integrationsvorlehre (INVOL) ist ein vom Bund und vom Staat Freiburg mitfinanziertes Pilotprojekt. Die Dauer der INVOL beträgt ein Schuljahr. Die INVOL zielt auf die berufliche Integration ausländischer Personen, die erst spät in die Schweiz eingereist sind, indem es sie auf den Einstieg in die Berufsbildung vorbereitet. Wir freuen uns, dass wir Teil dieses Projekts [&hellip;]" />
<meta property="og:url" content="https://www.domaine-ndr.ch/de/aussbildung-integration/integrationsvorlehre/" />
<meta property="og:site_name" content="Notre dame de la route" />
<meta property="article:publisher" content="https://www.facebook.com/DomaineNDR/" />
<meta property="og:image" content="https://www.domaine-ndr.ch/wp-content/uploads/DSC4008-1-770x545.jpg" />
	<meta property="og:image:width" content="770" />
	<meta property="og:image:height" content="545" />
	<meta property="og:image:type" content="image/jpeg" />
<meta name="twitter:card" content="summary_large_image" />
<meta name="twitter:label1" content="Geschätzte Lesezeit" />
	<meta name="twitter:data1" content="1 Minute" />
<!-- / Yoast SEO plugin. -->

Die Integrationsvorlehre (INVOL) ist ein vom Bund und vom Staat Freiburg mitfinanziertes Pilotprojekt. Die Dauer der INVOL beträgt ein Schuljahr. Die INVOL zielt auf die berufliche Integration ausländischer Personen, die erst spät in die Schweiz eingereist sind, indem es sie auf den Einstieg in die Berufsbildung vorbereitet. Wir freuen uns, dass wir Teil dieses Projekts [&hellip;]
